{"id":49,"date":"2021-08-20T21:08:46","date_gmt":"2021-08-20T21:08:46","guid":{"rendered":"http:\/\/box2086.temp.domains\/~lastchc0\/?page_id=49"},"modified":"2021-08-21T16:32:12","modified_gmt":"2021-08-21T16:32:12","slug":"reinsercion","status":"publish","type":"page","link":"https:\/\/lastchancepr.com\/?page_id=49&lang=es","title":{"rendered":"Reinserci\u00f3n"},"content":{"rendered":"\n<p class=\"has-white-background-color has-text-color has-background\" style=\"color:#000aa3\">El proceso de reinserci\u00f3n en la sociedad como un individuo \u00fatil y productivo es la ultima etapa en el proceso de rehabilitaci\u00f3n del paciente.<\/p>\n\n\n\n<p class=\"has-text-color\" style=\"color:#000aa3\">En la cl\u00ednica nos esforzamos en proveer todas las ayudas disponibles a los pacientes, incluyendo ayuda en el \u00e1rea de empleos, preparaci\u00f3n de resumes profesionales, ayuda en la aplicaci\u00f3n para becas estudiantiles, y cartas de recomendaci\u00f3n de empleo.<\/p>\n\n\n\n<p class=\"has-text-color\" style=\"color:#000aa3\"><\/p>\n\n\n\n<p class=\"has-text-color\" style=\"color:#000aa3\">Como parte del proceso de Reinserci\u00f3n a la Sociedad, ofrecemos los siguientes servicios: <\/p>\n\n\n\n<ul class=\"wp-block-list\"><li><span style=\"color:#000aa3\" class=\"has-inline-color\">Trabajo Social<\/span><\/li><li><span style=\"color:#000aa3\" class=\"has-inline-color\">Talleres de Trabajo<\/span><\/li><li><span style=\"color:#000aa3\" class=\"has-inline-color\">Charlas Individuales<\/span><\/li><li><span style=\"color:#000aa3\" class=\"has-inline-color\">Charlas Grupales con Profesionales de la Salud<\/span><\/li><li><span style=\"color:#000aa3\" class=\"has-inline-color\">Espiritualidad<\/span><\/li><\/ul>\n\n\n\n<p><\/p>\n","protected":false},"excerpt":{"rendered":"<p>El proceso de reinserci\u00f3n en la sociedad como un individuo \u00fatil y productivo es la ultima etapa en el proceso de rehabilitaci\u00f3n del paciente. En la cl\u00ednica nos esforzamos en proveer todas las ayudas disponibles a los pacientes,&hellip;<\/p>\n","protected":false},"author":1,"featured_media":120,"parent":0,"menu_order":0,"comment_status":"closed","ping_status":"closed","template":"","meta":{"nf_dc_page":"","om_disable_all_campaigns":false,"_monsterinsights_skip_tracking":false,"_monsterinsights_sitenote_active":false,"_monsterinsights_sitenote_note":"","_monsterinsights_sitenote_category":0,"footnotes":""},"class_list":["post-49","page","type-page","status-publish","has-post-thumbnail","hentry"],"aioseo_notices":[],"jetpack-related-posts":[],"jetpack_sharing_enabled":true,"_links":{"self":[{"href":"https:\/\/lastchancepr.com\/index.php?rest_route=\/wp\/v2\/pages\/49","targetHints":{"allow":["GET"]}}],"collection":[{"href":"https:\/\/lastchancepr.com\/index.php?rest_route=\/wp\/v2\/pages"}],"about":[{"href":"https:\/\/lastchancepr.com\/index.php?rest_route=\/wp\/v2\/types\/page"}],"author":[{"embeddable":true,"href":"https:\/\/lastchancepr.com\/index.php?rest_route=\/wp\/v2\/users\/1"}],"replies":[{"embeddable":true,"href":"https:\/\/lastchancepr.com\/index.php?rest_route=%2Fwp%2Fv2%2Fcomments&post=49"}],"version-history":[{"count":5,"href":"https:\/\/lastchancepr.com\/index.php?rest_route=\/wp\/v2\/pages\/49\/revisions"}],"predecessor-version":[{"id":173,"href":"https:\/\/lastchancepr.com\/index.php?rest_route=\/wp\/v2\/pages\/49\/revisions\/173"}],"wp:featuredmedia":[{"embeddable":true,"href":"https:\/\/lastchancepr.com\/index.php?rest_route=\/wp\/v2\/media\/120"}],"wp:attachment":[{"href":"https:\/\/lastchancepr.com\/index.php?rest_route=%2Fwp%2Fv2%2Fmedia&parent=49"}],"curies":[{"name":"wp","href":"https:\/\/api.w.org\/{rel}","templated":true}]}}