{"id":47,"date":"2021-08-20T21:08:45","date_gmt":"2021-08-20T21:08:45","guid":{"rendered":"http:\/\/box2086.temp.domains\/~lastchc0\/?page_id=47"},"modified":"2022-08-09T20:26:19","modified_gmt":"2022-08-09T20:26:19","slug":"tratamiento-medico-asistido-tma","status":"publish","type":"page","link":"https:\/\/lastchancepr.com\/?page_id=47&lang=es","title":{"rendered":"Tratamiento Medico Asistido (TMA)"},"content":{"rendered":"\n<p class=\"has-text-color\" style=\"color:#000aa3\">Nuestras t\u00e9cnicas de desintoxicaci\u00f3n son \u00fanicas en Puerto Rico. Hemos desarrollado un Tratamiento M\u00e9dico-Asistido (TMA) est\u00e1 sustentado en Pr\u00e1cticas Basadas en Evidencia (Evidence-Based Practices, o EBP). Esto le garantiza a nuestros pacientes, que est\u00e1n siendo evaluados y asistidos por personal m\u00e9dico que est\u00e1 certificado y cualificado en las t\u00e9cnicas de desintoxicaci\u00f3n aceptadas por la comunidad m\u00e9dica en Puerto Rico y Estados Unidos.<\/p>\n\n\n\n<p class=\"has-text-color\" style=\"color:#000aa3\">En adici\u00f3n, ofrecemos los siguientes servicios:<\/p>\n\n\n\n<ul class=\"has-text-color wp-block-list\" style=\"color:#000aa3\"><li>Servicios de Desintoxicaci\u00f3n por Abuso de Drogas<\/li><li>Servicios de Hospitalizaci\u00f3n<\/li><li>Servicios Ambulatorios<\/li><li>Tratamiento de Alcoholismo<\/li><li>Servicios M\u00e9dicos y de Enfermer\u00eda 24\/7<\/li><li>Servicios Psicol\u00f3gicos<\/li><li>Servicios de Farmacia<\/li><li>Trabajo Social<\/li><li>Consejer\u00eda en Adicci\u00f3n<\/li><li>Terapia&nbsp; F\u00edsica y Recreativa<\/li><\/ul>\n","protected":false},"excerpt":{"rendered":"<p>Nuestras t\u00e9cnicas de desintoxicaci\u00f3n son \u00fanicas en Puerto Rico. Hemos desarrollado un Tratamiento M\u00e9dico-Asistido (TMA) est\u00e1 sustentado en Pr\u00e1cticas Basadas en Evidencia (Evidence-Based Practices, o EBP). Esto le garantiza a nuestros pacientes, que est\u00e1n siendo evaluados y asistidos&hellip;<\/p>\n","protected":false},"author":1,"featured_media":111,"parent":0,"menu_order":0,"comment_status":"closed","ping_status":"closed","template":"","meta":{"nf_dc_page":"","om_disable_all_campaigns":false,"_monsterinsights_skip_tracking":false,"_monsterinsights_sitenote_active":false,"_monsterinsights_sitenote_note":"","_monsterinsights_sitenote_category":0,"footnotes":""},"class_list":["post-47","page","type-page","status-publish","has-post-thumbnail","hentry"],"aioseo_notices":[],"jetpack-related-posts":[],"jetpack_sharing_enabled":true,"_links":{"self":[{"href":"https:\/\/lastchancepr.com\/index.php?rest_route=\/wp\/v2\/pages\/47","targetHints":{"allow":["GET"]}}],"collection":[{"href":"https:\/\/lastchancepr.com\/index.php?rest_route=\/wp\/v2\/pages"}],"about":[{"href":"https:\/\/lastchancepr.com\/index.php?rest_route=\/wp\/v2\/types\/page"}],"author":[{"embeddable":true,"href":"https:\/\/lastchancepr.com\/index.php?rest_route=\/wp\/v2\/users\/1"}],"replies":[{"embeddable":true,"href":"https:\/\/lastchancepr.com\/index.php?rest_route=%2Fwp%2Fv2%2Fcomments&post=47"}],"version-history":[{"count":4,"href":"https:\/\/lastchancepr.com\/index.php?rest_route=\/wp\/v2\/pages\/47\/revisions"}],"predecessor-version":[{"id":126,"href":"https:\/\/lastchancepr.com\/index.php?rest_route=\/wp\/v2\/pages\/47\/revisions\/126"}],"wp:featuredmedia":[{"embeddable":true,"href":"https:\/\/lastchancepr.com\/index.php?rest_route=\/wp\/v2\/media\/111"}],"wp:attachment":[{"href":"https:\/\/lastchancepr.com\/index.php?rest_route=%2Fwp%2Fv2%2Fmedia&parent=47"}],"curies":[{"name":"wp","href":"https:\/\/api.w.org\/{rel}","templated":true}]}}