{"id":310,"date":"2025-10-08T17:37:04","date_gmt":"2025-10-08T17:37:04","guid":{"rendered":"https:\/\/lastchancepr.com\/?page_id=310"},"modified":"2025-10-08T17:37:04","modified_gmt":"2025-10-08T17:37:04","slug":"home-english","status":"publish","type":"page","link":"https:\/\/lastchancepr.com\/?page_id=310","title":{"rendered":"Home &#8211; English"},"content":{"rendered":"","protected":false},"excerpt":{"rendered":"","protected":false},"author":1,"featured_media":0,"parent":0,"menu_order":0,"comment_status":"closed","ping_status":"closed","template":"","meta":{"nf_dc_page":"","om_disable_all_campaigns":false,"_monsterinsights_skip_tracking":false,"_monsterinsights_sitenote_active":false,"_monsterinsights_sitenote_note":"","_monsterinsights_sitenote_category":0,"footnotes":""},"class_list":["post-310","page","type-page","status-publish","hentry"],"aioseo_notices":[],"jetpack-related-posts":[{"id":142,"url":"https:\/\/lastchancepr.com\/","url_meta":{"origin":310,"position":0},"title":"Home","author":"Last Chance","date":"August 20, 2021","format":false,"excerpt":"La Clinica Last Chance le ofrece al usuario la oportunidad de rehabilitarse y de reinsertarse como individuo \u00fatil a la sociedad. Last Chance LLC Visi\u00f3n: Proveer servicios de salud de la m\u00e1s alta calidad en beneficio del individuo y de la sociedad en general. Misi\u00f3n: Ayudar a individuos con problemas\u2026","rel":"","context":"Similar post","block_context":{"text":"Similar post","link":""},"img":{"alt_text":"","src":"https:\/\/i0.wp.com\/lastchancepr.com\/wp-content\/uploads\/2021\/08\/pexels-photo-4100420.jpeg?resize=350%2C200&ssl=1","width":350,"height":200,"srcset":"https:\/\/i0.wp.com\/lastchancepr.com\/wp-content\/uploads\/2021\/08\/pexels-photo-4100420.jpeg?resize=350%2C200&ssl=1 1x, https:\/\/i0.wp.com\/lastchancepr.com\/wp-content\/uploads\/2021\/08\/pexels-photo-4100420.jpeg?resize=525%2C300&ssl=1 1.5x, https:\/\/i0.wp.com\/lastchancepr.com\/wp-content\/uploads\/2021\/08\/pexels-photo-4100420.jpeg?resize=700%2C400&ssl=1 2x"},"classes":[]}],"jetpack_sharing_enabled":true,"_links":{"self":[{"href":"https:\/\/lastchancepr.com\/index.php?rest_route=\/wp\/v2\/pages\/310","targetHints":{"allow":["GET"]}}],"collection":[{"href":"https:\/\/lastchancepr.com\/index.php?rest_route=\/wp\/v2\/pages"}],"about":[{"href":"https:\/\/lastchancepr.com\/index.php?rest_route=\/wp\/v2\/types\/page"}],"author":[{"embeddable":true,"href":"https:\/\/lastchancepr.com\/index.php?rest_route=\/wp\/v2\/users\/1"}],"replies":[{"embeddable":true,"href":"https:\/\/lastchancepr.com\/index.php?rest_route=%2Fwp%2Fv2%2Fcomments&post=310"}],"version-history":[{"count":0,"href":"https:\/\/lastchancepr.com\/index.php?rest_route=\/wp\/v2\/pages\/310\/revisions"}],"wp:attachment":[{"href":"https:\/\/lastchancepr.com\/index.php?rest_route=%2Fwp%2Fv2%2Fmedia&parent=310"}],"curies":[{"name":"wp","href":"https:\/\/api.w.org\/{rel}","templated":true}]}}